 9 - 2 - 5*i - 46*i**2. Let q be d(7). Calculate the greatest common divisor of 96 and q.
3
Let u(h) = 2*h**3 - h**3 - 2 - 57*h - h**2 + 57*h. Let w be u(2). Let x be w/(-2 + 5 + -2). What is the greatest common factor of 18 and x?
2
Let w(z) = -z**2 - 2*z + 37. Let j be 6/(-2) + (-15)/(-5). Let s be w(j). Calculate the greatest common divisor of s and 296.
37
Suppose -22376*x + 22396*x = 3840. Calculate the greatest common divisor of x and 7584.
96
Let n be ((-10 - -9)*5)/(5/(-250)). Calculate the highest common factor of n and 3625.
125
Let t(y) = -4*y + 1219. Let c be t(65). What is the highest common divisor of 548 and c?
137
Suppose 172*h - 60 = 178*h. Let x be (-24)/(-9)*5/(h/(-84)). Calculate the greatest common factor of 504 and x.
56
Let a = 9630 + -4040. What is the highest common divisor of 390 and a?
130
Suppose 3*y + 0*y + 4*d + 20 = 0, 2*y = 4*d + 20. Suppose 35*u - 29*u - 210 = y. Calculate the greatest common factor of 280 and u.
35
Let p = 11059 - 9344. Calculate the greatest common factor of 392 and p.
49
Let m be (3 - 4) + (-31)/(-1). Let g(r) = 12*r + 125. Let y be g(-11). Let z be 0 + 27 - (0 - y). Calculate the highest common divisor of m and z.
10
Suppose 54*a + 1918 = 25159 - 2505. What is the greatest common divisor of 3264 and a?
192
Let d(u) be the second derivative of -2*u**3/3 + 75*u**2 - 2*u + 3. Let c be d(24). What is the highest common divisor of 189 and c?
27
Let m(s) = -245*s + 1327. Let g be m(-29). What is the highest common divisor of g and 136?
136
Let i = -12660 + 12678. Calculate the highest common divisor of 29 and i.
1
Let k(p) = -p**3 + 11*p**2 + 5*p - 45. Let n be k(11). Let v = -599 + 829. Calculate the highest common factor of n and v.
10
Let h(x) = -2*x**2 - 25*x + 1053. Let d be h(-30). Calculate the highest common factor of 1587 and d.
3
Let p = 2 - -151. Let t = 478 + -574. Let z = t - -113. Calculate the highest common factor of z and p.
17
Let k be 2/10*140/4. Suppose k*o = o + 126. Suppose 3*m - 4*b = -m + 128, 4*m = -5*b + 92. What is the highest common divisor of o and m?
7
Suppose -12*r + 2270 = -2*r. Let j = -218 + r. Calculate the greatest common divisor of 2 and j.
1
Let f be ((-39652)/184)/(116/(-1512)) + 2/29. Calculate the greatest common factor of f and 1.
1
Suppose -10*p + 3*x + 1485 = -6*p, 0 = 3*p + 5*x - 1150. What is the highest common divisor of p and 6?
3
Let f(x) = -113*x**2 + 157*x + 2. Let z be f(1). Calculate the highest common divisor of z and 7636.
46
Suppose -12195 = -21*g + 11303 - 1448. What is the greatest common factor of 84 and g?
42
Suppose 0 = -2*k + n + 19, k + 5*n = 18 - 3. Suppose 1 = 3*g + 5*j - k, 3*j + 6 = 0. What is the greatest common factor of 4 and g?
1
Let f be (80/(-32))/(3/(-282)). What is the highest common factor of 75 and f?
5
Let c(r) be the first derivative of r**3/3 + r**2/2 - 16*r + 3. Let z be c(-9). Let i = z + -54. Calculate the greatest common factor of 6 and i.
2
Suppose -b - 3*y + 30 = -6*b, 0 = -y + 5. Let f be ((-6)/27 - (-29)/9)*b. Let q be (3/f)/((-1)/102). What is the highest common divisor of q and 51?
17
Let p = 2 + 9. Let o be 1580/18 - (28/(-63))/2. Calculate the highest common factor of p and o.
11
Let q(v) = -6*v - 320 + 29*v**2 + 11*v**2 + 16*v**2 + 2*v**3 + 254. Let c be q(-28). What is the greatest common factor of c and 170?
34
Let x = -5 - -30. Suppose 5*o = -41 - 64. Let f = 46 + o. What is the greatest common factor of f and x?
25
Suppose 4*s - 5*z = 270, s - 3*z = 26 + 38. What is the highest common factor of 14 and s?
14
Let o(r) = r + 46. Let k be o(-20). Let h = k - -115. Calculate the greatest common factor of h and 235.
47
Suppose 0*a + 308 = 4*a - d, 2*a - 2*d - 148 = 0. Let z(j) = -1 + 0*j + 3*j**2 + 0*j + 50*j**2. Let c be z(-1). What is the highest common divisor of a and c?
26
Let o = -138 + -32. Let m = o - -186. Calculate the highest common factor of 224 and m.
16
Let t = -127 + 130. Suppose -4*a - t*c = -a, a = -5*c - 4. Calculate the highest common divisor of 9 and a.
1
Let d be 4/(5028/718 - 7). Suppose 12*u - d - 1756 = 0. Calculate the highest common divisor of 14 and u.
14
Let h be (104/(-624) + 749/30)*(-80)/(-2). What is the greatest common factor of 31 and h?
31
Let c(y) = 2*y - 23. Let n be c(14). Suppose 5*z = z - 3*s + 216, 0 = n*z - 5*s - 270. What is the greatest common factor of z and 72?
18
Suppose -p - 4*p + 3*a + 32 = 0, -20 = 5*a. Suppose -y + 2*x = 4*x + 8, -y - 6 = p*x. Let z = y - -12. What is the highest common divisor of z and 2?
2
Suppose -2*c = 0, 0*t + 9 = 3*t + 4*c. Let a(j) = 11 - 3 + 8*j**2 - 6 + j**t. Let i be a(-8). Calculate the greatest common divisor of 2 and i.
2
Suppose 0 = -3*v + 117 - 393. Let p = v + 136. Suppose 0 = 13*f - 3*j - 25, -5*j = -91 + 46. Calculate the highest common factor of p and f.
4
Let a be (-38)/8 - (-57)/76 - -15. Let x be 26/273 - 920/(-42). Suppose 7*y - 5*y = x. Calculate the highest common divisor of a and y.
11
Let h = -109 + 127. Suppose h*a - 13*a = 4*c + 2, -5*c + 14 = 2*a. What is the highest common divisor of a and 5?
1
Suppose -48*y + 404 = 3*o - 50*y, 2*o - 280 = 4*y. Calculate the greatest common divisor of 176 and o.
44
Suppose 19 = -2*g - 4*t + 41, 5*t - 38 = -3*g. Calculate the greatest common divisor of g and 1029.
21
Let m(q) = -q**2 + 12*q - 4. Let t be m(8). Suppose -3*g = -2*b + 32, 18*b + 3*g = 17*b + 16. Calculate the greatest common divisor of t and b.
4
Let q be (-252)/(-7) - (-1 + 2). Suppose 0 = 65*n - 61*n, 3*n + 70 = a. Calculate the greatest common factor of q and a.
35
Let m be 4 + -3 + 2 + -130. Let p = m + 146. What is the highest common factor of p and 817?
19
Let f(u) = -u**2 - 9*u - 10. Let t be f(-7). Let b = 9797 + -9783. What is the highest common divisor of t and b?
2
Let d = 69 - 64. Let y be (4/d)/2 - (-146)/10. What is the highest common divisor of 10 and y?
5
Let w(f) = f**3 - 35*f**2 + 28*f + 428. Let m be w(34). Calculate the greatest common divisor of 288 and m.
32
Suppose 2325*n + 1620 = 2340*n. Calculate the greatest common factor of 2646 and n.
54
Suppose -48688 = -63*l - 32812. Suppose 72 = -p + 3*p. Calculate the greatest common factor of p and l.
36
Let p(j) = 29*j - 92. Let m be p(6). Suppose h - m = -0*h. Calculate the highest common factor of h and 205.
41
Let f = 13 - 9. Suppose -10*s + 102 = -f*s. Suppose 0 = 2*r - r - 5*h + s, 7 = -3*r + 4*h. What is the highest common divisor of r and 6?
3
Let x = -513 - -515. Suppose q - 3 = -5*f - 0*q, 0 = -5*f + x*q + 9. What is the highest common factor of 2 and f?
1
Suppose 541 = z - 3*p, -5*p + 1194 = 2*z + 123. Suppose -3*f = -z + 25. What is the highest common divisor of 9 and f?
9
Suppose -4*h = -3*k + 7302, -54*k + 53*k - 3*h = -2421. What is the highest common factor of 594 and k?
54
Suppose -19*j = -516 - 681. Calculate the greatest common divisor of j and 2177.
7
Let s(u) = -u**3 - 20*u**2 - 24*u - 37. Let m be s(-19). Suppose 4*w + 17 = -3*p + m, -5*w - p = -43. What is the highest common factor of 648 and w?
8
Let d = 27 - 26. Let o be (d + -18*1)/(7/(-133)). Calculate the highest common divisor of 19 and o.
19
Suppose 5*t - 96 = -23*n + 22*n, -4*n = 4*t - 304. What is the greatest common divisor of n and 3337?
71
Suppose 3*c - 3*x = 89 + 58, -c - x = -53. Let t = c + -10. What is the greatest common divisor of 41 and t?
41
Suppose 24 = 5*d - 5*f + 9, 0 = -4*d - f + 7. Let i be ((-5)/d)/((-25)/160). Calculate the highest common factor of 48 and i.
16
Let c(i) = 6*i**3 - 2*i**2. Let t be c(2). Suppose 0*l + t = 4*l. Suppose 0 = l*d - 16 - 14. Calculate the greatest common divisor of d and 3.
3
Let a be (1 + -238)*(-26)/(-13). Let s = a + 539. Calculate the highest common factor of 10 and s.
5
Let i be 90/(-4)*1/((-6)/20). Let q = i + -53. Let j(z) = -z**3 - 12*z**2 + 12*z + 9. Let a be j(-13). What is the greatest common factor of a and q?
22
Let d = 12 + 87. Suppose -4*m + 39 = u, -4*m + 30 = -m + u. Suppose -m*z = -10*z + 11. Calculate the greatest common factor of d and z.
11
Suppose -5*y + 90 = 2*m - 67, 0 = y - m - 30. What is the highest common factor of 1 and y?
1
Let u be -24*(-9 - (-9)/3). Let j be u/15 - 10/(-25). Let m = 315 - 275. What is the highest common divisor of m and j?
10
Let m = -61 + 117. Suppose -f - m = -15*f. 